{"id":2232,"date":"2025-01-05T17:33:39","date_gmt":"2025-01-05T16:33:39","guid":{"rendered":"https:\/\/www.brakelradau.de\/wordpress_a\/?page_id=2232"},"modified":"2025-01-11T17:41:53","modified_gmt":"2025-01-11T16:41:53","slug":"karnevalsumzug","status":"publish","type":"page","link":"https:\/\/www.brakelradau.de\/wordpress_a\/karnevalsumzug\/","title":{"rendered":"Karnevalsumzug"},"content":{"rendered":"\n<div class=\"wp-block-uagb-container uagb-block-d52b6b9a alignfull uagb-is-root-container\"><div class=\"uagb-container-inner-blocks-wrap\">\n<div class=\"wp-block-uagb-advanced-heading uagb-block-751ff93e\"><h1 class=\"uagb-heading-text\">Alle Infos zum Karnevalsumzug<\/h1><\/div>\n<\/div><\/div>\n\n\n\n<hr class=\"wp-block-separator has-alpha-channel-opacity\"\/>\n\n\n\n<h2 class=\"wp-block-heading\">Wichtige Dokumente zum  Karnevalsumzug<\/h2>\n\n\n\n<p><strong>Kreis H\u00f6xter<\/strong> &#8211; <a href=\"https:\/\/www.brakelradau.de\/wordpress_a\/wp-content\/uploads\/2025\/01\/Merkblatt-I-Hinweise-zum-Wagenbau-fuer-Karnevalsumzuege.pdf\" data-type=\"link\" data-id=\"https:\/\/www.brakelradau.de\/wordpress_a\/wp-content\/uploads\/2025\/01\/Merkblatt-I-Hinweise-zum-Wagenbau-fuer-Karnevalsumzuege.pdf\" target=\"_blank\" rel=\"noreferrer noopener\">Merkblatt I (Hinweise zum Wagenbau f\u00fcr Karnevalsumz\u00fcge)<\/a><br><strong>Kreis H\u00f6xte<\/strong>r &#8211; <a href=\"https:\/\/www.brakelradau.de\/wordpress_a\/wp-content\/uploads\/2025\/01\/Merkblatt-II-Hinweise-zum-Betrieb-von-Fahrzeugen_-kombinationen-bei-Brauchtumsveranstaltungen.pdf\" target=\"_blank\" rel=\"noreferrer noopener\">Merkblatt II (Hinweise zum Betrieb von Fahrzeugen,-kombinationen bei Brauchtumsveranstaltungen)<\/a><br><strong>Kreis H\u00f6xter<\/strong> &#8211; <a href=\"https:\/\/www.brakelradau.de\/wordpress_a\/wp-content\/uploads\/2025\/01\/Merkblatt-III-Ordner-Karnevalsumzuege.pdf\" target=\"_blank\" rel=\"noreferrer noopener\">Merkblatt III (Ordner Karnevalsumz\u00fcge)<\/a><\/p>\n\n\n\n<p><strong>Brakel Radau<\/strong> &#8211; <a href=\"https:\/\/www.brakelradau.de\/wordpress_a\/wp-content\/uploads\/2025\/01\/Merkblatt-und-Hinweise-Karnevalsumzug-Motivwagen-2025_Allgemein.pdf\" target=\"_blank\" rel=\"noreferrer noopener\">Merkblatt und Hinweise Karnevalsumzug Motivwagen 2025<\/a><br><strong>Brakel Radau<\/strong> &#8211; <a href=\"https:\/\/www.brakelradau.de\/wordpress_a\/wp-content\/uploads\/2025\/01\/Merkblatt-Teilnahme-am-Karnevalsumzug_Fussgruppen-2025_Allgemein.pdf\" target=\"_blank\" rel=\"noreferrer noopener\">Merkblatt Teilnahme am Karnevalsumzug Fu\u00dfgruppen 2025<\/a><\/p>\n\n\n\n<hr class=\"wp-block-separator has-alpha-channel-opacity\" style=\"margin-top:var(--wp--preset--spacing--60);margin-bottom:var(--wp--preset--spacing--60)\"\/>\n\n\n\n<div class=\"wp-block-uagb-container uagb-block-ff3867b0 alignwide uagb-is-root-container\">\n<div class=\"wp-block-uagb-container uagb-block-ca05d837\">\n<div class=\"wp-block-uagb-info-box uagb-block-ab8032be uagb-infobox__content-wrap  uagb-infobox-icon-above-title uagb-infobox-image-valign-top wp-block-uagb-info-box--has-margin\"><div class=\"uagb-infobox-margin-wrapper\"><div class=\"uagb-ifb-content\"><div class=\"uagb-ifb-image-content\"><img decoding=\"async\" src=\"https:\/\/www.brakelradau.de\/wordpress_a\/wp-content\/uploads\/2025\/01\/Fussgruppen_Anmeld.jpg\" alt=\"\" width=\"600\" height=\"400\" loading=\"lazy\"\/><\/div><div class=\"uagb-ifb-title-wrap\"><h3 class=\"uagb-ifb-title\">Fu\u00dfgruppen<\/h3><\/div><p class=\"uagb-ifb-desc\">Fu\u00dfgruppen faszinieren immer wieder mit ihren tollen Ideen.<br>Nah an den Zuschauern lassen sie den Funken des Karnevalsfieber schnell auf die &#8222;Brakel Radau&#8220; rufende Menge \u00fcberspringen.<br>Bunte, ausgefallene Kost\u00fcme und tolle Mottos machen diese Art der Teilnahme immer wieder zu einem Erlebnis.<br>Als Fu\u00dfgruppe k\u00f6nnen Gruppe von Personen oder Einzelperson teilnehmen.<br>Die Anmeldung ist auch bis kurz vor dem Umzug noch m\u00f6glich und ganz einfach \u00fcber das hier verlinkte Formular m\u00f6glich.<br>Also worauf wartet ihr noch ? Jetzt anmelden !<br><br><br><br><br><br><\/p><div class=\"uagb-ifb-button-wrapper wp-block-button\"><a href=\"https:\/\/www.brakelradau.de\/wordpress_a\/anmeldung-fussgruppen\/\" class=\"uagb-infobox-cta-link wp-block-button__link\" target=\"_self\" rel=\"noopener noreferrer\" onclick=\"return true;\"><span class=\"uagb-inline-editing\">Fu\u00dfgruppe anmelden<\/span><\/a><\/div><\/div><\/div><\/div>\n<\/div>\n\n\n\n<div class=\"wp-block-uagb-container uagb-block-73844403\">\n<div class=\"wp-block-group is-nowrap is-layout-flex wp-container-core-group-is-layout-6c531013 wp-block-group-is-layout-flex\">\n<div class=\"wp-block-uagb-info-box uagb-block-f321e1a6 uagb-infobox__content-wrap  uagb-infobox-icon-above-title uagb-infobox-image-valign-top wp-block-uagb-info-box--has-margin\"><div class=\"uagb-infobox-margin-wrapper\"><div class=\"uagb-ifb-content\"><div class=\"uagb-ifb-image-content\"><img decoding=\"async\" src=\"https:\/\/www.brakelradau.de\/wordpress_a\/wp-content\/uploads\/2025\/01\/Radau_Wagen_Umzug-2.jpg\" alt=\"Radau-Elferrat-Wagen\" width=\"600\" height=\"400\" loading=\"lazy\"\/><\/div><div class=\"uagb-ifb-title-wrap\"><h3 class=\"uagb-ifb-title\">Wagen<\/h3><\/div><p class=\"uagb-ifb-desc\">Neben unseren eigenen Wagen k\u00f6nnt ihr auch gerne mit eurer Gruppe oder eurem Verein mit einem Wagen an unserem Umzug teilnehmen.<br>Dazu sind aber besondere Vorschriften zu beachten. Wir stellen euch daher auf dieser Seite einige Info,- und Merkbl\u00e4tter zur Verf\u00fcgung.<br>Habt ihr dann mit eurem Wagen alle H\u00fcrden genommen und Betriebserlaubnis, Brauchtumsgutachten und techn. Wagenabnahme liegen vor, so steht einer Teilnahme an unserem Umzug nicht mehr ganz viel im Wege. Es gilt dann nur noch die Regeln zum Umzug bez\u00fcglich Sicherheit (Ordner etc.), Lautst\u00e4rke (wir m\u00f6chten keine Kinder am Stra\u00dfenrand, die weinen, weil ihr meint ihr m\u00fcsst ganz OWL beschallen) und Jugendschutz (kein Kurzen f\u00fcr die Kurzen &#8211; Alkohol ja, aber mit Vernunft) zu beachten, und los geht die &#8222;wilde&#8220; Fahrt&#8230;<br>Ihr seid euch nicht sicher, ob es alles passt ?<br>Ruft uns gerne an : +49 1523 3764486<br>oder schreibt eine Mail an umzug@brakelradau.de<\/p><div class=\"uagb-ifb-button-wrapper wp-block-button\"><a href=\"https:\/\/www.brakelradau.de\/wordpress_a\/anmeldung-karnevalswagen\/\/\" class=\"uagb-infobox-cta-link wp-block-button__link\" target=\"_self\" rel=\"noopener noreferrer\" onclick=\"return true;\"><span class=\"uagb-inline-editing\">Wagen anmelden<\/span><\/a><\/div><\/div><\/div><\/div>\n<\/div>\n<\/div>\n<\/div>\n","protected":false},"excerpt":{"rendered":"<p>Alle Infos zum Karnevalsumzug Wichtige Dokumente zum Karnevalsumzug Kreis H\u00f6xter &#8211; Merkblatt I (Hinweise zum Wagenbau f\u00fcr Karnevalsumz\u00fcge)Kreis H\u00f6xter &#8211; Merkblatt II (Hinweise zum Betrieb von Fahrzeugen,-kombinationen bei Brauchtumsveranstaltungen)Kreis H\u00f6xter &#8211; Merkblatt III (Ordner Karnevalsumz\u00fcge) Brakel Radau &#8211; Merkblatt und Hinweise Karnevalsumzug Motivwagen 2025Brakel Radau &#8211; Merkblatt Teilnahme am Karnevalsumzug Fu\u00dfgruppen 2025<\/p>\n","protected":false},"author":1,"featured_media":0,"parent":0,"menu_order":0,"comment_status":"closed","ping_status":"closed","template":"","meta":{"_uag_custom_page_level_css":"","site-sidebar-layout":"no-sidebar","site-content-layout":"","ast-site-content-layout":"normal-width-container","site-content-style":"unboxed","site-sidebar-style":"unboxed","ast-global-header-display":"","ast-banner-title-visibility":"","ast-main-header-display":"","ast-hfb-above-header-display":"","ast-hfb-below-header-display":"","ast-hfb-mobile-header-display":"","site-post-title":"disabled","ast-breadcrumbs-content":"","ast-featured-img":"disabled","footer-sml-layout":"","ast-disable-related-posts":"","theme-transparent-header-meta":"","adv-header-id-meta":"","stick-header-meta":"","header-above-stick-meta":"","header-main-stick-meta":"","header-below-stick-meta":"","astra-migrate-meta-layouts":"set","ast-page-background-enabled":"default","ast-page-background-meta":{"desktop":{"background-color":"","background-image":"","background-repeat":"repeat","background-position":"center center","background-size":"auto","background-attachment":"scroll","background-type":"","background-media":"","overlay-type":"","overlay-color":"","overlay-opacity":"","overlay-gradient":""},"tablet":{"background-color":"","background-image":"","background-repeat":"repeat","background-position":"center center","background-size":"auto","background-attachment":"scroll","background-type":"","background-media":"","overlay-type":"","overlay-color":"","overlay-opacity":"","overlay-gradient":""},"mobile":{"background-color":"","background-image":"","background-repeat":"repeat","background-position":"center center","background-size":"auto","background-attachment":"scroll","background-type":"","background-media":"","overlay-type":"","overlay-color":"","overlay-opacity":"","overlay-gradient":""}},"ast-content-background-meta":{"desktop":{"background-color":"var(--ast-global-color-5)","background-image":"","background-repeat":"repeat","background-position":"center center","background-size":"auto","background-attachment":"scroll","background-type":"","background-media":"","overlay-type":"","overlay-color":"","overlay-opacity":"","overlay-gradient":""},"tablet":{"background-color":"var(--ast-global-color-5)","background-image":"","background-repeat":"repeat","background-position":"center center","background-size":"auto","background-attachment":"scroll","background-type":"","background-media":"","overlay-type":"","overlay-color":"","overlay-opacity":"","overlay-gradient":""},"mobile":{"background-color":"var(--ast-global-color-5)","background-image":"","background-repeat":"repeat","background-position":"center center","background-size":"auto","background-attachment":"scroll","background-type":"","background-media":"","overlay-type":"","overlay-color":"","overlay-opacity":"","overlay-gradient":""}},"footnotes":""},"class_list":["post-2232","page","type-page","status-publish","hentry"],"uagb_featured_image_src":{"full":false,"thumbnail":false,"medium":false,"medium_large":false,"large":false,"1536x1536":false,"2048x2048":false},"uagb_author_info":{"display_name":"Mark Elberg","author_link":"https:\/\/www.brakelradau.de\/wordpress_a\/author\/radau_2025\/"},"uagb_comment_info":0,"uagb_excerpt":"Alle Infos zum Karnevalsumzug Wichtige Dokumente zum Karnevalsumzug Kreis H\u00f6xter &#8211; Merkblatt I (Hinweise zum Wagenbau f\u00fcr Karnevalsumz\u00fcge)Kreis H\u00f6xter &#8211; Merkblatt II (Hinweise zum Betrieb von Fahrzeugen,-kombinationen bei Brauchtumsveranstaltungen)Kreis H\u00f6xter &#8211; Merkblatt III (Ordner Karnevalsumz\u00fcge) Brakel Radau &#8211; Merkblatt und Hinweise Karnevalsumzug Motivwagen 2025Brakel Radau &#8211; Merkblatt Teilnahme am Karnevalsumzug Fu\u00dfgruppen 2025","_links":{"self":[{"href":"https:\/\/www.brakelradau.de\/wordpress_a\/wp-json\/wp\/v2\/pages\/2232","targetHints":{"allow":["GET"]}}],"collection":[{"href":"https:\/\/www.brakelradau.de\/wordpress_a\/wp-json\/wp\/v2\/pages"}],"about":[{"href":"https:\/\/www.brakelradau.de\/wordpress_a\/wp-json\/wp\/v2\/types\/page"}],"author":[{"embeddable":true,"href":"https:\/\/www.brakelradau.de\/wordpress_a\/wp-json\/wp\/v2\/users\/1"}],"replies":[{"embeddable":true,"href":"https:\/\/www.brakelradau.de\/wordpress_a\/wp-json\/wp\/v2\/comments?post=2232"}],"version-history":[{"count":20,"href":"https:\/\/www.brakelradau.de\/wordpress_a\/wp-json\/wp\/v2\/pages\/2232\/revisions"}],"predecessor-version":[{"id":2385,"href":"https:\/\/www.brakelradau.de\/wordpress_a\/wp-json\/wp\/v2\/pages\/2232\/revisions\/2385"}],"wp:attachment":[{"href":"https:\/\/www.brakelradau.de\/wordpress_a\/wp-json\/wp\/v2\/media?parent=2232"}],"curies":[{"name":"wp","href":"https:\/\/api.w.org\/{rel}","templated":true}]}}

<div class="wp-block-uagb-container uagb-block-d52b6b9a alignfull uagb-is-root-container"><div class="uagb-container-inner-blocks-wrap">
<div class="wp-block-uagb-advanced-heading uagb-block-751ff93e"><h1 class="uagb-heading-text">Alle Infos zum Karnevalsumzug</h1></div>
</div></div>



<hr class="wp-block-separator has-alpha-channel-opacity"/>



<h2 class="wp-block-heading">Wichtige Dokumente zum  Karnevalsumzug</h2>



<p><strong>Kreis Höxter</strong> &#8211; <a href="https://www.brakelradau.de/wordpress_a/wp-content/uploads/2025/01/Merkblatt-I-Hinweise-zum-Wagenbau-fuer-Karnevalsumzuege.pdf" data-type="link" data-id="https://www.brakelradau.de/wordpress_a/wp-content/uploads/2025/01/Merkblatt-I-Hinweise-zum-Wagenbau-fuer-Karnevalsumzuege.pdf" target="_blank" rel="noreferrer noopener">Merkblatt I (Hinweise zum Wagenbau für Karnevalsumzüge)</a><br><strong>Kreis Höxte</strong>r &#8211; <a href="https://www.brakelradau.de/wordpress_a/wp-content/uploads/2025/01/Merkblatt-II-Hinweise-zum-Betrieb-von-Fahrzeugen_-kombinationen-bei-Brauchtumsveranstaltungen.pdf" target="_blank" rel="noreferrer noopener">Merkblatt II (Hinweise zum Betrieb von Fahrzeugen,-kombinationen bei Brauchtumsveranstaltungen)</a><br><strong>Kreis Höxter</strong> &#8211; <a href="https://www.brakelradau.de/wordpress_a/wp-content/uploads/2025/01/Merkblatt-III-Ordner-Karnevalsumzuege.pdf" target="_blank" rel="noreferrer noopener">Merkblatt III (Ordner Karnevalsumzüge)</a></p>



<p><strong>Brakel Radau</strong> &#8211; <a href="https://www.brakelradau.de/wordpress_a/wp-content/uploads/2025/01/Merkblatt-und-Hinweise-Karnevalsumzug-Motivwagen-2025_Allgemein.pdf" target="_blank" rel="noreferrer noopener">Merkblatt und Hinweise Karnevalsumzug Motivwagen 2025</a><br><strong>Brakel Radau</strong> &#8211; <a href="https://www.brakelradau.de/wordpress_a/wp-content/uploads/2025/01/Merkblatt-Teilnahme-am-Karnevalsumzug_Fussgruppen-2025_Allgemein.pdf" target="_blank" rel="noreferrer noopener">Merkblatt Teilnahme am Karnevalsumzug Fußgruppen 2025</a></p>



<hr class="wp-block-separator has-alpha-channel-opacity" style="margin-top:var(--wp--preset--spacing--60);margin-bottom:var(--wp--preset--spacing--60)"/>



<div class="wp-block-uagb-container uagb-block-ff3867b0 alignwide uagb-is-root-container">
<div class="wp-block-uagb-container uagb-block-ca05d837">
<div class="wp-block-uagb-info-box uagb-block-ab8032be uagb-infobox__content-wrap  uagb-infobox-icon-above-title uagb-infobox-image-valign-top wp-block-uagb-info-box--has-margin"><div class="uagb-infobox-margin-wrapper"><div class="uagb-ifb-content"><div class="uagb-ifb-image-content"><img decoding="async" src="https://www.brakelradau.de/wordpress_a/wp-content/uploads/2025/01/Fussgruppen_Anmeld.jpg" alt="" width="600" height="400" loading="lazy"/></div><div class="uagb-ifb-title-wrap"><h3 class="uagb-ifb-title">Fußgruppen</h3></div><p class="uagb-ifb-desc">Fußgruppen faszinieren immer wieder mit ihren tollen Ideen.<br>Nah an den Zuschauern lassen sie den Funken des Karnevalsfieber schnell auf die &#8222;Brakel Radau&#8220; rufende Menge überspringen.<br>Bunte, ausgefallene Kostüme und tolle Mottos machen diese Art der Teilnahme immer wieder zu einem Erlebnis.<br>Als Fußgruppe können Gruppe von Personen oder Einzelperson teilnehmen.<br>Die Anmeldung ist auch bis kurz vor dem Umzug noch möglich und ganz einfach über das hier verlinkte Formular möglich.<br>Also worauf wartet ihr noch ? Jetzt anmelden !<br><br><br><br><br><br></p><div class="uagb-ifb-button-wrapper wp-block-button"><a href="https://www.brakelradau.de/wordpress_a/anmeldung-fussgruppen/" class="uagb-infobox-cta-link wp-block-button__link" target="_self" rel="noopener noreferrer" onclick="return true;"><span class="uagb-inline-editing">Fußgruppe anmelden</span></a></div></div></div></div>
</div>



<div class="wp-block-uagb-container uagb-block-73844403">
<div class="wp-block-group is-nowrap is-layout-flex wp-container-core-group-is-layout-6c531013 wp-block-group-is-layout-flex">
<div class="wp-block-uagb-info-box uagb-block-f321e1a6 uagb-infobox__content-wrap  uagb-infobox-icon-above-title uagb-infobox-image-valign-top wp-block-uagb-info-box--has-margin"><div class="uagb-infobox-margin-wrapper"><div class="uagb-ifb-content"><div class="uagb-ifb-image-content"><img decoding="async" src="https://www.brakelradau.de/wordpress_a/wp-content/uploads/2025/01/Radau_Wagen_Umzug-2.jpg" alt="Radau-Elferrat-Wagen" width="600" height="400" loading="lazy"/></div><div class="uagb-ifb-title-wrap"><h3 class="uagb-ifb-title">Wagen</h3></div><p class="uagb-ifb-desc">Neben unseren eigenen Wagen könnt ihr auch gerne mit eurer Gruppe oder eurem Verein mit einem Wagen an unserem Umzug teilnehmen.<br>Dazu sind aber besondere Vorschriften zu beachten. Wir stellen euch daher auf dieser Seite einige Info,- und Merkblätter zur Verfügung.<br>Habt ihr dann mit eurem Wagen alle Hürden genommen und Betriebserlaubnis, Brauchtumsgutachten und techn. Wagenabnahme liegen vor, so steht einer Teilnahme an unserem Umzug nicht mehr ganz viel im Wege. Es gilt dann nur noch die Regeln zum Umzug bezüglich Sicherheit (Ordner etc.), Lautstärke (wir möchten keine Kinder am Straßenrand, die weinen, weil ihr meint ihr müsst ganz OWL beschallen) und Jugendschutz (kein Kurzen für die Kurzen &#8211; Alkohol ja, aber mit Vernunft) zu beachten, und los geht die &#8222;wilde&#8220; Fahrt&#8230;<br>Ihr seid euch nicht sicher, ob es alles passt ?<br>Ruft uns gerne an : +49 1523 3764486<br>oder schreibt eine Mail an umzug@brakelradau.de</p><div class="uagb-ifb-button-wrapper wp-block-button"><a href="https://www.brakelradau.de/wordpress_a/anmeldung-karnevalswagen//" class="uagb-infobox-cta-link wp-block-button__link" target="_self" rel="noopener noreferrer" onclick="return true;"><span class="uagb-inline-editing">Wagen anmelden</span></a></div></div></div></div>
</div>
</div>
</div>

<p>Alle Infos zum Karnevalsumzug Wichtige Dokumente zum Karnevalsumzug Kreis Höxter &#8211; Merkblatt I (Hinweise zum Wagenbau für Karnevalsumzüge)Kreis Höxter &#8211; Merkblatt II (Hinweise zum Betrieb von Fahrzeugen,-kombinationen bei Brauchtumsveranstaltungen)Kreis Höxter &#8211; Merkblatt III (Ordner Karnevalsumzüge) Brakel Radau &#8211; Merkblatt und Hinweise Karnevalsumzug Motivwagen 2025Brakel Radau &#8211; Merkblatt Teilnahme am Karnevalsumzug Fußgruppen 2025</p>

Alle Infos zum Karnevalsumzug Wichtige Dokumente zum Karnevalsumzug Kreis Höxter &#8211; Merkblatt I (Hinweise zum Wagenbau für Karnevalsumzüge)Kreis Höxter &#8211; Merkblatt II (Hinweise zum Betrieb von Fahrzeugen,-kombinationen bei Brauchtumsveranstaltungen)Kreis Höxter &#8211; Merkblatt III (Ordner Karnevalsumzüge) Brakel Radau &#8211; Merkblatt und Hinweise Karnevalsumzug Motivwagen 2025Brakel Radau &#8211; Merkblatt Teilnahme am Karnevalsumzug Fußgruppen 2025
